z and x.
14
Suppose -2*d - 2 + 0 = 0. Let c be 1*-5*3*d. Suppose 830 = 3*v + 172*v - 9*v. What is the highest common divisor of v and c?
5
Suppose 79*z - 19*z = 105840. What is the highest common factor of 36 and z?
36
Suppose 15*o - 574 = 1346. Calculate the greatest common divisor of o and 8.
8
Suppose -8*u = -3*u + 5*w + 25, 0 = -2*u + 2*w - 14. Let k be -66*(-9)/((-81)/u). Calculate the greatest common divisor of 4 and k.
4
Let d = -16 - -22. Suppose -20*y = -367 + 67. Calculate the highest common factor of d and y.
3
Let m = 45 - 30. Suppose -2*c + 2 = 10. Let j(z) = -34*z - 1. Let s be j(c). What is the highest common factor of m and s?
15
Suppose m - 10 - 24 = 0. Calculate the greatest common factor of 476 and m.
34
Let o(h) = -6*h - 180. Let u be o(-34). Calculate the greatest common factor of u and 60.
12
Let i be (-17 + 2)*(1 + -2). Let l = -545 - -946. Suppose 2*o - l = -71. Calculate the highest common divisor of i and o.
15
Suppose 5*w + 6 = 31, 2*w = -a + 82. Calculate the highest common factor of 24 and a.
24
Suppose 0 = -2*i + 6 + 2. Let m(l) = -l + 6. Let z be m(i). Let b(n) = n**3 + n**2 - 2*n + 1. Let h be b(z). What is the greatest common divisor of h and 36?
9
Let f be (-1162)/(-49) - ((-37)/7 - -5). Suppose -4*n = 4 - 52. Calculate the greatest common divisor of f and n.
12
Suppose 3*z - 115 = 2*u, -3*z + 125 = z + 3*u. Let s = z + 46. Let o be (-36)/(-3) - (-2 + 2 + 3). What is the greatest common divisor of o and s?
9
Let x(r) = -104*r - 4. Let o be x(-1). Suppose 0 = -6*q + 11*q - o. What is the highest common factor of q and 80?
20
Let m = 18 - 27. Let r = 5 + m. Let q(h) = -h**3 - 3*h**2 - h. Let d be q(r). What is the greatest common factor of 8 and d?
4
Suppose -4*r - x = -86, -8*r + 5*x = -3*r - 120. Suppose 3*d - 26 = r. Calculate the highest common divisor of 80 and d.
16
Suppose 7*k - 6*k + 24 = 0. Let u = 35 + k. Calculate the highest common factor of u and 1.
1
Let q(j) = -2*j**3 - 9*j**2 - 5*j - 2. Let t be 10/3*(-54)/36. Let b be q(t). What is the greatest common divisor of 16 and b?
16
Suppose 3*a - 4 = w + 2, 0 = -3*a - 4*w + 21. Suppose 2*g + 15 = -a*g. Let m = g - -4. What is the highest common divisor of m and 2?
1
Let y(j) = 2*j**3 - 12*j**2 - 3*j + 123. Let s be y(9). Calculate the highest common divisor of s and 6.
6
Let y(q) = 50*q + 510. Let l be y(-8). Calculate the highest common divisor of l and 231.
11
Let k = -599 + 604. What is the highest common divisor of 17 and k?
1
Let n be (212 - 2) + 8/(-2 + -2). Let t = -138 + n. What is the highest common divisor of t and 14?
14
Let h(t) = -3*t**2 - 20*t + 101. Let u be h(-10). Calculate the greatest common divisor of u and 29.
1
Suppose 5*b = -3*i + 48, -3*i - 4*b = -b - 54. Suppose i = 4*a - 23. Calculate the greatest common factor of a and 22.
11
Suppose 2*u = -2*u + 528. Let d be (0 - -15) + (-33)/11. Calculate the greatest common factor of u and d.
12
Let z(r) = 4*r + 21. Let y be 4/(-14) - (-183)/(-21). Let a be z(y). Let t be (-2305)/a - 1/(-3). Calculate the highest common factor of 22 and t.
22
Suppose s - 3323 + 3303 = 0. What is the highest common divisor of s and 1620?
20
Suppose -5*t - 23 + 33 = 0. Let u be t*4*13/26 + 20. Calculate the highest common factor of 6 and u.
6
Suppose 2*r - 41 = 7*r + 3*a, 2*r + 4*a = -22. Let w be 970/35 + (-2)/r. What is the greatest common factor of 14 and w?
14
Let a(f) = -4*f + 2. Let d be a(-4). Suppose -2*v + 35 + 33 = 2*o, v = 3*o + d. Calculate the highest common divisor of v and 20.
10
Suppose -2*v - 24*v = -2626. Calculate the greatest common factor of 2323 and v.
101
Let j = -172 + 324. Let w(z) be the second derivative of -z**4/12 - 4*z**3/3 + 3*z**2/2 - 2*z. Let o be w(-4). Calculate the highest common factor of o and j.
19
Let i = 11 + -3. Suppose -2*l + 0 = -i. Let x be 1/l - (-14)/8. Calculate the highest common divisor of x and 14.
2
Let a(i) = -5*i + 80*i**3 - 43*i**3 + 6 - 34*i**3 - i**2. Let j be a(3). Calculate the greatest common factor of 7 and j.
7
Let x = -244 + 256. What is the highest common divisor of x and 42?
6
Suppose 3*n - 415 = 1205. Suppose -20*w = -14*w - n. Calculate the highest common factor of w and 30.
30
Let z = 38 - 36. Suppose z*s + 0*s - 2*k = 28, -3*s - k + 34 = 0. Suppose 0 = 4*u - 176 - 64. Calculate the highest common divisor of s and u.
12
Let l = 897 - 778. What is the greatest common divisor of 221 and l?
17
Let k(w) = -w**2 - 5*w - 8. Let g be k(5). Let h = -2 + g. Let b be h/((-28)/8 + 2). What is the greatest common factor of 16 and b?
8
Suppose 2*h = w - 6, -2*w - 2 + 10 = -5*h. Suppose 59 - w = t. Calculate the highest common factor of 9 and t.
9
Suppose -5*f - 2*s + 190 = 3*s, -2*f + 5*s = -83. What is the highest common divisor of 13 and f?
13
Let f(w) = -9 + 3*w + 15*w**2 - 8*w + 2 - w**3. Let z be f(14). What is the greatest common divisor of 17 and z?
17
Suppose 0 = -2*q + 64 + 112. Calculate the greatest common factor of 363 and q.
11
Suppose 0*r = 3*r - 6. Suppose r*c - 3*c = -3*b + 3, 0 = 4*c + 3*b - 48. What is the greatest common factor of 117 and c?
9
Suppose 1424 = 19*y + 341. Calculate the greatest common divisor of y and 551.
19
Let j(n) = 3*n**2 - 60*n + 132. Let a be j(24). Calculate the greatest common divisor of 480 and a.
60
Let b be (-6 - (-9 - -1))*(-29)/(-2). Calculate the highest common divisor of 1247 and b.
29
Let r = -13 - -53. Suppose 4*d = 252 - r. Suppose 3*g = 218 - d. Calculate the greatest common factor of 5 and g.
5
Let j(u) = -3*u + 16. Let l(q) = 6*q - 32. Let x(g) = -7*j(g) - 3*l(g). Let z be x(7). What is the greatest common divisor of z and 1?
1
Let x = 62 - 14. Let k(a) be the second derivative of a**5/20 - a**4/6 - a**3 + 2*a**2 - a. Let b be k(4). Calculate the highest common divisor of b and x.
12
Let c(q) = 3*q**3 - 7*q**2 + 44*q + 9. Let j be c(9). Calculate the greatest common factor of 75 and j.
75
Let k be (36/14)/(2 + (-13)/7). Calculate the greatest common factor of k and 1818.
18
Let d(n) = -n**2 + 15*n - 9. Let h be d(8). Calculate the highest common factor of 423 and h.
47
Suppose -4*v + 38 + 38 = 2*d, 5*v = 5*d - 115. Suppose -d = -z + 2. Calculate the highest common factor of 6 and z.
6
Let a(o) = o**2 + 5*o + 26. Let c be a(17). What is the highest common factor of 16 and c?
16
Let g = -15 - -8. Let m = g - -10. Calculate the highest common factor of m and 12.
3
Suppose -6*y = -7*y - 1. Let g(n) = n**3 - 3*n**2 - 3*n - 2. Let p be g(4). Let u = p + y. What is the highest common factor of u and 5?
1
Let t be (0 - -4)/(4/14). Suppose -b = -5*h - 4 + t, 3*h = -4*b - 109. Let s be ((-40)/b)/((-2)/(-5)). Calculate the greatest common divisor of 32 and s.
4
Suppose 0 = 3*p + 50 - 14. Let o be p - (-5)/(5/2). Let v be 15/6*(-56)/o. Calculate the greatest common divisor of v and 140.
14
Let t = 101 + -34. Suppose -5*a + 2*d = -189, -2*a - 3*d + t = -1. Suppose -43 = -4*b + a. What is the highest common factor of 8 and b?
4
Let x be 358 + 2 + (-24 - -12 - -13). What is the highest common divisor of 38 and x?
19
Let n(t) = t**2 + 4*t + 16. Suppose 10 + 12 = 4*x - w, -3*x - 4*w = -26. Let d = x - 17. Let y be n(d). Calculate the greatest common factor of 62 and y.
31
Let b(t) = 5*t**2 + 3*t. Let a be b(-2). Suppose -n + 4*s + 70 + 12 = 0, 16 = 4*s. What is the greatest common divisor of n and a?
14
Let p = -2064 + 2068. Suppose 12 = -4*f, -n + 13 = n - 3*f. Suppose -116 + 28 = -n*h. Calculate the greatest common factor of p and h.
4
Let q(j) = 2*j**2 + 8*j - 19. Let p = 40 + -48. Let a be q(p). What is the highest common factor of 45 and a?
45
Suppose -106 = -6*c + 4*c + 2*i, 185 = 4*c + 5*i. What is the highest common divisor of c and 10?
10
Suppose -3*s = -1 - 5. Suppose 0 = -7*k + s*k. Suppose k = -0*m + 5*m - 30. What is the greatest common factor of m and 2?
2
Suppose -2*q = 3*b + 45 + 9, 0 = -5*q. Let c be 3/2*(-528)/b. Calculate the highest common factor of c and 4.
4
Let k(q) = 8*q - 60. Let h be k(8). Let s(x) = -x**3 - 9*x**2 - 9*x. Let a be s(-8). What is the highest common factor of h and a?
4
Suppose 0 = 10*y + 25*y - 1190. What is the highest common factor of 578 and y?
34
Let l(i) = -9*i - i**3 + 10 - 9*i**2 - 2*i + 21*i**2 + 0*i. Let q be l(11). Calculate the greatest common factor of 30 an